mmon divisor of 18 and m.
6
Let i = 40 - -38. Suppose -5*f = -20 - 0, -c + i = 4*f. Calculate the highest common factor of c and 93.
31
Let o be (5/(25/5530))/1. What is the greatest common factor of o and 14?
14
Let m = 278 + -262. Calculate the greatest common factor of 1136 and m.
16
Suppose -2*g - 14 = -3*g. Let s(v) = 3*v**2 + 2*v + 7. Let n be s(-3). Calculate the highest common divisor of n and g.
14
Suppose 5*s = 2*h + 225, 0 = -3*h - h + 4*s - 432. Let u = h - -111. What is the greatest common divisor of u and 27?
3
Let b be 4/((-32)/(-3)) + 4225/104. Let t = -11 + b. What is the highest common divisor of t and 30?
30
Let d = 60 + -64. Let o = 14 - d. Let i = 80 - 35. Calculate the highest common divisor of i and o.
9
Let c(s) = -3*s - 10. Let d be c(-6). Let a be (-9 + d)/((-1)/63). Let y(t) = t + 27. Let l be y(-6). Calculate the greatest common factor of l and a.
21
Let k be 6/(-27) - (-13776)/27. Let i = -348 + k. Calculate the highest common factor of i and 27.
27
Let l(y) = -y**3 - y**2 + 2*y + 3. Let j be l(0). Let b = j + 17. Calculate the greatest common factor of b and 80.
20
Suppose -f - 1 - 20 = 5*y, -29 = 5*y - f. Let g(q) = 3*q - 4*q + 19 - 26 - q. Let c be g(y). Calculate the greatest common factor of 9 and c.
3
Let d be ((-6)/(-10))/(5/(-100)*-4). Calculate the greatest common factor of 3 and d.
3
Suppose -d + 0*d = t + 122, -4*d + t - 493 = 0. Let h = d + 138. What is the highest common factor of 165 and h?
15
Let c be (-94)/(-6) - 2/3. Suppose -7 = 4*d - c. What is the highest common divisor of d and 14?
2
Let a be 55 + 12/(-2*(-7)/(-7)). Calculate the highest common divisor of 28 and a.
7
Let g be 3104/4 - (2 - 6). Let d be (-36)/30*g/(-9). What is the highest common factor of 13 and d?
13
Suppose 4*p + 9*i = 180, 2*p + 45 = 3*p - 5*i. Suppose -45 = 3*b - 8*b. What is the highest common divisor of b and p?
9
Let j be 1/(-1*(-1)/6). Let r be (8/12)/(4/j). Suppose 15*i = 2*i + 13. Calculate the greatest common divisor of i and r.
1
Let c be (-1)/1*-9*1. Let r = -1 + c. Let f(m) = -m**3 + 8*m**2 - 8. Let d be f(6). Calculate the greatest common factor of d and r.
8
Let k = 537 + -493. What is the highest common factor of k and 308?
44
Suppose 0 = -9*y - 681 - 2838. Let d = 765 + y. Calculate the greatest common divisor of d and 34.
34
Let r(h) = 14*h + 54. Let v be r(-5). Let z(j) = 3*j + 85. Let d be z(v). What is the highest common factor of d and 148?
37
Let o = 5 - 17. Let j be -3 + (o/4 - -9). Suppose 3*g - 15 = 0, -j*g + 375 = -z + 3*z. What is the greatest common factor of z and 36?
36
Suppose h = 24*m - 19*m - 255, -5*h = 2*m - 129. Calculate the greatest common factor of m and 117.
13
Suppose -2*a + 2*m = -2, 10 = -5*a - 4*m + 6. Suppose -4*n + 110 + 110 = a. Calculate the greatest common factor of 22 and n.
11
Let o(j) = -5*j + 11. Let m be o(1). What is the greatest common divisor of 3 and m?
3
Let o = -1 + -1. Let z = 1 - o. Suppose 2*m + 34 = 4*c, -4*m = 2*c - 2 - 20. What is the highest common divisor of c and z?
3
Let d be -3*(-1)/(-1) - -11. Let v = 14 - d. What is the highest common factor of 60 and v?
6
Let t = -96 + 112. Calculate the highest common divisor of 208 and t.
16
Let t be 159*((36 - 32) + 11/(-3)). Calculate the greatest common factor of 848 and t.
53
Let s be ((-3642 + -6)/8)/(3/(-2)). Calculate the greatest common factor of s and 95.
19
Suppose 4*u + a - 125 = 0, 2*u + 3*a - 135 = -2*u. Suppose -3*x - z = -40, -5*x = -3*x - z - u. What is the highest common divisor of 42 and x?
14
Suppose -49*o = -59*o + 220. Suppose -113 = -t - 25. What is the greatest common divisor of o and t?
22
Let r = 317 - 313. Calculate the highest common divisor of r and 18.
2
Let k(r) = -r**2 + 9*r - 13. Let n be k(7). Suppose 3*b - 12 = 3*o, n - 10 = 3*b. Let s = 16 + o. Calculate the greatest common factor of s and 18.
9
Let r(y) = y**2 + 7*y + 18. Let f be r(0). What is the highest common factor of 9 and f?
9
Let y be 742/18 - (-10)/(-45). Suppose c - y = -5*s, -4*s + 5 = 2*c - 59. Let x(u) = 14*u - 477. Let p be x(35). What is the greatest common divisor of c and p?
13
Suppose -m + 4 = 2*m - 4*f, -4*m - f + 18 = 0. Let o be 6/4 + 2/m. Let c be (75/o)/(3/4). Calculate the highest common factor of 10 and c.
10
Let i(y) = y**2 + 9*y + 42. Let r be i(12). Let o = -7 - -49. Calculate the highest common factor of r and o.
42
Suppose -5*x = j - 420, -x - 4*x - 3*j + 420 = 0. Suppose 0 = -64*q + 58*q + 42. What is the highest common divisor of q and x?
7
Let f(k) = -k**3 - 4*k**2 + 13*k - 2. Let i be f(-6). Let d be ((-12)/i)/(1/28). Let b be ((-6)/7)/((-2)/14). Calculate the highest common factor of d and b.
6
Let d(v) = -v**2 - 4*v + 10. Let u be d(-5). Suppose -2*o + 5*f + 61 = 10, 0 = -f - u. Let t = -4 + o. What is the highest common factor of t and 45?
9
Let j = -805 + 880. What is the greatest common divisor of 1200 and j?
75
Suppose -10*f - 702 = -14*f - m, -3*f + m + 530 = 0. What is the highest common divisor of f and 64?
16
Let r be (16/10)/(2706/385 - 7). Calculate the highest common factor of r and 406.
14
Let x = 852 + -722. What is the highest common divisor of x and 143?
13
Suppose 3375 + 2565 = 30*f. What is the highest common factor of f and 264?
66
Let a(w) = -w**3 - 11*w**2 - 21*w - 22. Let z be a(-9). Let h = 46 - 21. What is the highest common divisor of h and z?
5
Let k be (-2)/(-12) + 103/(-6). Let q = k + 50. Calculate the greatest common factor of 132 and q.
33
Suppose 3*y + 326 = 4*j, 2*j = -4*y + 9*y + 170. Let x = j + -70. What is the highest common factor of x and 45?
5
Suppose -4*m = -m - 12. Let d be (-1)/(m/78*(-6)/4). Calculate the greatest common divisor of d and 13.
13
Let d(q) = q**2 + q - 10. Let a be d(6). Let l be ((-2)/(-2) + -1)/(-2). Suppose 0*c + 4*c - 640 = l. What is the greatest common factor of c and a?
32
Let m(r) be the third derivative of 0*r**3 + 0*r - 7/12*r**4 + 0 + 7*r**2. Let j be m(-1). Calculate the highest common factor of 14 and j.
14
Suppose -23*r + 209 = -90. Calculate the greatest common divisor of 793 and r.
13
Suppose 2*a - 11*z + 9*z = 14, -36 = -3*a - 2*z. Let r(j) = 5*j**2 + j - 2. Let n be r(-2). Let h = n - a. What is the highest common factor of h and 3?
3
Let h be (38/6)/((-9)/(-135)). What is the highest common divisor of h and 247?
19
Suppose 2*z - 4*z + 2*i + 4392 = 0, -2*z - 3*i + 4397 = 0. Calculate the greatest common divisor of z and 13.
13
Let n be ((-255)/(-10)*-1)/((-6)/116). Calculate the greatest common factor of n and 17.
17
Suppose 16*a - 17*a + 1160 = 0. Calculate the greatest common divisor of a and 40.
40
Let o be (-6)/8 - (1855/4)/(-5). What is the greatest common divisor of o and 138?
46
Let c(y) = -71*y**3 + y. Let l be c(-1). Let q = -2880 + 2922. Calculate the highest common divisor of l and q.
14
Let n be (9/9)/((-1)/2). Let g be -1*(-1)/(-2)*n*48. What is the highest common factor of g and 6?
6
Suppose -4 = t + 1, -3*u + t = -176. Calculate the greatest common factor of u and 190.
19
Let w(n) = n**2 + n + 3. Let k be w(-6). Let t = -10 + 28. Suppose o - t = -m, o = 4*m + m + 42. Calculate the greatest common factor of k and o.
11
Let m = 555 - 533. Suppose 202 = 5*s - 2*s + 4*z, -2*z + 2 = 0. Calculate the greatest common factor of s and m.
22
Suppose -2*b - 2*b + 10 = c, 3*b - 19 = 5*c. Suppose -n - 60 = -b*n. Let o be (-895)/(-10) + 2/4. Calculate the highest common divisor of o and n.
30
Suppose 0 = -13*t - 86 + 99. Let v(a) = -a**3 + 7*a**2 + 7*a + 10. Let b be v(8). Calculate the greatest common factor of b and t.
1
Let n = 408 - 199. Suppose -3*o + 4*q + 61 = 0, 2*q = -3*o - o + 74. Calculate the highest common divisor of o and n.
19
Suppose -63*b + 68*b = 110. Let p(c) = -c**2 + 16*c - 5. Let d be p(10). What is the highest common divisor of d and b?
11
Let i = -329 + 356. Let u be 6 + (-2)/(2*1). Suppose -u*g + 44 = x, -2*x + 21 + i = 5*g. Calculate the highest common divisor of g and 72.
8
Suppose -23*l = -6*l - 1156. Let f = -4 + 21. Calculate the greatest common divisor of f and l.
17
Suppose -5*w + 27 = 5*i - 48, -5*w + 99 = -3*i. Let o = 266 + -68. Calculate the greatest common divisor of o and w.
18
Let t(b) = 6*b**2 + 2*b - 3. Let m(a) = -1. Let c(q) = -4*m(q) + t(q). Let f be c(2). What is the highes